rime?
False
Is 391030163 a composite number?
True
Is 9695079907 a prime number?
True
Is 346026017 a prime number?
False
Is 36952096603 composite?
False
Is 144752213 a composite number?
False
Is 13772771513 a prime number?
True
Is 6697854703 prime?
False
Is 1028976083 a composite number?
True
Is 1185029539 a prime number?
False
Is 810722851 a prime number?
True
Is 18786781646 a prime number?
False
Is 268056671 a prime number?
True
Is 7039419979 prime?
False
Is 2108305579 a composite number?
False
Is 4739687 a composite number?
False
Is 62050700307 composite?
True
Is 53213328029 a composite number?
True
Is 1186618283 a prime number?
False
Is 47994196849 a prime number?
False
Is 393416123 composite?
True
Is 472245491 a composite number?
True
Is 16106781227 composite?
True
Is 2572127879 a prime number?
True
Is 307792657 composite?
True
Is 54640073767 prime?
False
Is 14776376669 composite?
False
Is 72835555783 a composite number?
False
Is 26936573 composite?
True
Is 1583109763 prime?
True
Is 24750006559 a composite number?
False
Is 15874354439 a prime number?
True
Is 477449477 a composite number?
True
Is 1014444721 composite?
True
Is 341152717 prime?
True
Is 13880292143 a prime number?
True
Is 658173631 prime?
True
Is 9419368583 prime?
False
Is 17086637 composite?
True
Is 515919857 composite?
False
Is 622804331 a prime number?
True
Is 587642581 composite?
True
Is 468980233355 a composite number?
True
Is 29591409619 a prime number?
False
Is 234478861 a prime number?
True
Is 5480572283 a composite number?
False
Is 7918948021 composite?
False
Is 4029196151 a composite number?
False
Is 887705333 a composite number?
False
Is 536977891 a prime number?
False
Is 16075103809 a composite number?
True
Is 6305443909 a composite number?
False
Is 1488768469 composite?
False
Is 158588713 composite?
False
Is 1109571247 prime?
True
Is 42995828633 a prime number?
True
Is 5881587659 a prime number?
True
Is 804862697 prime?
True
Is 1906655827 composite?
False
Is 411386111 a prime number?
False
Is 20263315287 a prime number?
False
Is 4665705887 a prime number?
True
Is 109587869 prime?
False
Is 28011943 a prime number?
True
Is 3777741755 prime?
False
Is 4695659909 prime?
True
Is 3132711509 a prime number?
True
Is 643813427 a prime number?
False
Is 6137135281 a composite number?
False
Is 19535740601 a composite number?
True
Is 525719767 prime?
True
Is 22688473391 a prime number?
True
Is 5541258557 prime?
True
Is 16543709971 a composite number?
False
Is 1248404947 a composite number?
False
Is 39169860623 prime?
False
Is 750076289 a prime number?
True
Is 10651933147 a prime number?
False
Is 79656011273 prime?
True
Is 64608391327 a prime number?
False
Is 2814401167 a prime number?
False
Is 213023891 composite?
True
Is 11143167227 prime?
True
Is 3906765977 a prime number?
True
Is 1902863663 composite?
True
Is 38430947482 a composite number?
True
Is 2509674199 prime?
False
Is 135732045707 a prime number?
True
Is 30738447491 a composite number?
False
Is 52055444821 a prime number?
True
Is 17001683273 prime?
True
Is 10990002337 composite?
True
Is 75097559657 prime?
True
Is 30944663 a prime number?
False
Is 166243169 a prime number?
True
Is 67224639541 a composite number?
True
Is 312779627 composite?
True
Is 4009651489 composite?
True
Is 121201009 a composite number?
True
Is 38412800731 a prime number?
False
Is 627715981 a composite number?
False
Is 95059349201 composite?
True
Is 180102127 prime?
True
Is 682435007 a prime number?
True
Is 7475593589 a prime number?
True
Is 49110053 composite?
True
Is 31731777361 a composite number?
False
Is 2452070681 a prime number?
True
Is 4078638353 composite?
True
Is 33096735289 prime?
False
Is 6700522981 a prime number?
True
Is 20481314203 composite?
True
Is 18622077937 a prime number?
False
Is 1967059447 prime?
False
Is 1264035481 prime?
False
Is 545376749 composite?
False
Is 167405449 a prime number?
True
Is 8282327611 prime?
True
Is 1122036641 a prime number?
False
Is 547545827 a composite number?
True
Is 11451642674 a composite number?
True
Is 2119561519 prime?
True
Is 5876466331 a prime number?
False
Is 11650018783 composite?
True
Is 31969513951 a prime number?
False
Is 23695416991 a composite number?
False
Is 11470150721 a prime number?
False
Is 5164026353 a prime number?
True
Is 25036268971 a composite number?
True
Is 11400358483 composite?
False
Is 593312897 prime?
True
Is 59252078 composite?
True
Is 743386739 a prime number?
True
Is 5090184241 a prime number?
False
Is 3767823857 prime?
False
Is 161423861 composite?
False
Is 128618051 composite?
False
Is 28167469229 composite?
False
Is 1215947149 composite?
True
Is 15294156547 prime?
True
Is 4130004799 a prime number?
True
Is 66037381593 a prime number?
False
Is 80094391197 composite?
True
Is 14144584009 prime?
True
Is 81566238749 composite?
False
Is 342023609 a composite number?
True
Is 11602498121 prime?
False
Is 1048584041 a composite number?
False
Is 7751376551 a prime number?
True
Is 11016044539 a prime number?
True
Is 1190758007 composite?
False
Is 1352632817 a composite number?
True
Is 4175761241 composite?
True
Is 8270340739 composite?
True
Is 1152566419 prime?
True
Is 141888469 a prime number?
False
Is 6677569537 a composite number?
True
Is 358194037 prime?
False
Is 1364065639 a prime number?
False
Is 151949692105 a composite number?
True
Is 144913161593 composite?
True
Is 33288325817 prime?
False
Is 53692931849 a prime number?
False
Is 130159441601 a composite number?
True
Is 65916701113 composite?
False
Is 266452169 prime?
False
Is 1262367023 composite?
False
Is 50033675857 prime?
False
Is 9900335039 a composite number?
True
Is 49023841267 a prime number?
False
Is 457654609 prime?
True
Is 725362217 a prime number?
False
Is 962581049 prime?
False
Is 591889703 prime?
False
Is 7783130959 a composite number?
True
Is 38904059 a prime number?
True
Is 8740713427 composite?
True
Is 1849168819 prime?
False
Is 140900434 prime?
False
Is 225006394805 a composite number?
True
Is 7903574857 a composite number?
False
Is 473956817 composite?
True
Is 73885457563 prime?
False
Is 47482810939 composite?
True
Is 440471593 composite?
True
Is 10623700193 composite?
False
Is 9047419379 a composite number?
False
Is 38837377 a prime number?
True
Is 137430181 prime?
False
Is 5254890841 composite?
False
Is 23160807223 a prime number?
False
Is 41772922831 prime?
False
Is 111044993 a composite number?
False
Is 7554087053 a composite number?
True
Is 1370716357 composite?
False
Is 8311521131 a composite number?
False
Is 10770077663 prime?
False
Is 589003687 a composite number?
False
Is 992758763 a prime number?
True
Is 270626843 prime?
False
Is 5310663131 prime?
False
Is 18773953721 prime?
True
Is 1172101831 a prime number?
True
Is 980061943 prime?
False
Is 1966854107 prime?
False
Is 607444571 composite?
False
Is 1397739359 composite?
True
Is 6313865507 composite?
False
Is 3696618491 a composite number?
False
Is 35136491079 prime?
False
Is 4487135099 composite?
False
Is 3572190997 a prime number?
True
Is 8782570717 a prime number?
True
Is 674175797 prime?
True
Is 371978813 prime?
True
Is 37710915353 a composite number?
False
Is 2360731961 prime?
False
Is 6797576861 a composite number?
True
Is 10733547451 composite?
True
Is 12473228039 a composite number?
False
Is 48409299759 a prime number?
False
Is 4067639507 prime?
True
Is 110943322341 a composite number?
True
Is 2005864999 a composite number?
False
Is 958724929 prime?
False
Is 56134673299 prime?
True
Is 20239101437 prime?
False
Is 1695262291 a prime number?
True
Is 88211231 prime?
False
Is 146078230517 a composite number?
False
Is 5692021285 a composite number?
True
Is 10208349947 composite?
False
Is 3871501331 composite?
False
Is 83798137867 prime?
True
Is 6816118679 prime?
True
Is 2102201489 a prime number?
False
Is 14020057627 composite?
True
Is 288978409 prime?
False
Is 9883460771 a prime number?
True
Is 5427675419 prime?
True
Is 11877403231 composite?
True
Is 700056887 composite?
True
Is 4529973802 a prime number?
False
Is 1152685061 a composite number?
True
Is 389247581 prime?
True
Is 3961067713 composite?
False
Is 22105098991 a prime number?
True
Is 62409151351 composite?
True
Is 481281551 composite?
True
Is 50984620801 composite?
False
Is